0 (base 2) to base 6.
-2
Convert -10 (base 2) to base 7.
-2
-43 (base 12) to base 5
-201
-61 (base 7) to base 6
-111
What is 13 (base 12) in base 13?
12
What is 18 (base 14) in base 9?
24
What is -1 (base 15) in base 13?
-1
10 (base 10) to base 12
a
What is 0 (base 11) in base 3?
0
Convert 7 (base 12) to base 11.
7
What is -310 (base 7) in base 13?
-bb
What is -10 (base 12) in base 5?
-22
Convert -1 (base 8) to base 9.
-1
Convert -1102 (base 4) to base 16.
-52
What is -1 (base 6) in base 2?
-1
Convert 102 (base 5) to base 12.
23
Convert -159 (base 11) to base 6.
-505
-2 (base 4) to base 7
-2
What is 1 (base 11) in base 10?
1
Convert 10 (base 7) to base 8.
7
What is 5 (base 11) in base 4?
11
Convert 18 (base 15) to base 13.
1a
1 (base 15) to base 8
1
What is 22212 (base 3) in base 13?
155
What is 11 (base 2) in base 15?
3
What is 22 (base 5) in base 10?
12
What is 114 (base 16) in base 12?
1b0
0 (base 4) to base 16
0
-1 (base 10) to base 15
-1
What is 3 (base 14) in base 11?
3
Convert -10 (base 3) to base 14.
-3
a (base 14) to base 3
101
2 (base 14) to base 16
2
What is -221 (base 3) in base 8?
-31
Convert 6 (base 8) to base 12.
6
What is -13 (base 6) in base 10?
-9
-3 (base 14) to base 10
-3
24 (base 7) to base 15
13
-34 (base 5) to base 16
-13
-111010 (base 2) to base 3
-2011
Convert -47 (base 11) to base 12.
-43
Convert -150 (base 7) to base 8.
-124
Convert -12 (base 13) to base 9.
-16
-24 (base 6) to base 5
-31
Convert 10 (base 4) to base 10.
4
Convert 147 (base 9) to base 8.
174
Convert -424 (base 5) to base 11.
-a4
What is -2 (base 4) in base 12?
-2
-1101110 (base 2) to base 3
-11002
What is 104 (base 7) in base 14?
3b
What is -10100 (base 2) in base 8?
-24
-11 (base 9) to base 14
-a
Convert -33 (base 5) to base 10.
-18
What is -10100 (base 2) in base 12?
-18
Convert 14 (base 5) to base 14.
9
What is -154 (base 9) in base 11?
-109
101110110 (base 2) to base 4
11312
What is 10002 (base 3) in base 6?
215
What is -10c (base 16) in base 9?
-327
Convert 8 (base 10) to base 14.
8
What is -8 (base 10) in base 11?
-8
Convert 26 (base 9) to base 3.
220
What is 1 (base 3) in base 7?
1
-34 (base 8) to base 7
-40
What is 2 (base 3) in base 14?
2
Convert -1011 (base 2) to base 4.
-23
What is 1 (base 16) in base 14?
1
Convert 3 (base 16) to base 4.
3
What is -b (base 12) in base 6?
-15
What is -2 (base 10) in base 14?
-2
Convert 214 (base 6) to base 14.
5c
Convert -231 (base 8) to base 4.
-2121
-4 (base 16) to base 12
-4
What is 41 (base 13) in base 3?
1222
What is -18 (base 9) in base 3?
-122
What is 0 (base 3) in base 7?
0
-3 (base 6) to base 12
-3
What is 0 (base 13) in base 6?
0
Convert 0 (base 8) to base 2.
0
Convert 64 (base 8) to base 15.
37
Convert 10 (base 12) to base 7.
15
Convert -1311 (base 4) to base 5.
-432
59 (base 14) to base 6
211
-3233 (base 4) to base 16
-ef
-6a (base 13) to base 6
-224
-5b (base 14) to base 12
-69
Convert 255 (base 11) to base 16.
12e
What is 6 (base 15) in base 8?
6
What is 1 (base 9) in base 8?
1
What is 3 (base 4) in base 5?
3
-ee (base 15) to base 4
-3200
-65 (base 8) to base 15
-38
What is 32 (base 4) in base 13?
11
Convert -72 (base 9) to base 11.
-5a
-3 (base 6) to base 7
-3
What is -2e (base 16) in base 4?
-232
Convert 3 (base 10) to base 3.
10
What is -1 (base 7) in base 8?
-1
What is -6 (base 7) in base 12?
-6
Convert 20 (base 7) to base 10.
14
Convert -ad (base 16) to base 3.
-20102
What is 31 (base 6) in base 7?
25
20 (base 8) to base 7
22
-656 (base 7) to base 12
-23b
Convert 27 (base 9) to base 14.
1b
What is 1 (base 8) in base 7?
1
11 (base 6) to base 15
7
What is -1042 (base 5) in base 15?
-9c
111010 (base 2) to base 14
42
What is -12a (base 13) in base 4?
-3031
-65 (base 8) to base 9
-58
What is -7 (base 8) in base 14?
-7
-d (base 16) to base 14
-d
What is -100 (base 10) in base 8?
-144
-3 (base 4) to base 15
-3
Convert -111 (base 2) to base 12.
-7
20 (base 4) to base 15
8
10 (base 2) to base 12
2
5 (base 16) to base 4
11
42 (base 8) to base 9
37
-10 (base 11) to base 14
-b
What is -4 (base 7) in base 12?
-4
Convert 44 (base 12) to base 8.
64
Convert -3 (base 6) to base 2.
-11
What is -1 (base 16) in base 11?
-1
Convert -11 (base 3) to base 13.
-4
Convert -8 (base 10) to base 2.
-1000
Convert -3 (base 10) to base 7.
-3
Convert a (base 11) to base 7.
13
What is -39 (base 11) in base 8?
-52
1c (base 14) to base 6
42
What is 4 (base 6) in base 11?
4
Convert 1 (base 2) to base 9.
1
Convert 10 (base 12) to base 11.
11
What is 34 (base 13) in base 15?
2d
-89 (base 12) to base 14
-77
Convert -7 (base 8) to base 13.
-7
Convert -102 (base 3) to base 13.
-b
-3 (base 16) to base 10
-3
-23 (base 15) to base 3
-1020
What is -11 (base 7) in base 8?
-10
Convert 1 (base 16) to base 5.
1
-314 (base 5) to base 9
-103
4 (base 11) to base 2
100
0 (base 12) to base 2
0
1 (base 3) to base 2
1
Convert 14 (base 8) to base 3.
110
What is c (base 16) in base 4?
30
Convert 6 (base 9) to base 4.
12
Convert e (base 16) to base 12.
12
What is -13 (base 6) in base 10?
-9
5 (base 9) to base 3
12
What is -109 (base 11) in base 13?
-a0
Convert 0 (base 2) to base 11.
0
Convert 1 (base 13) to base 15.
1
What is -113 (base 12) in base 11?
-135
Convert 29 (base 10) to base 9.
32
What is 140 (base 8) in base 7?
165
-43 (base 6) to base 12
-23
12 (base 7) to base 2
1001
Convert -20 (base 5) to base 14.
-a
Convert 3 (base 13) to base 6.
3
Convert -2 (base 11) to base 6.
-2
-10 (base 7) to base 13
-7
Convert 374 (base 9) to base 11.
262
1010 (base 4) to base 13
53
Convert -3 (base 5) to base 9.
-3
Convert 2 (base 6) to base 5.
2
What is 7 (base 15) in base 5?
12
What is -30 (base 9) in base 2?
-11011
What is -17 (base 11) in base 2?
-10010
What is -44 (base 12) in base 5?
-202
Convert 65 (base 13) to base 12.
6b
Convert 7 (base 14) to base 10.
7
-100 (base 2) to base 12
-4
Convert 1 (base 4) to base 13.
1
-323 (base 10) to base 15
-168
What is 3 (base 14) in base 15?
3
-255 (base 6) to base 5
-412
What is -d5 (base 16) in base 14?
-113
What is -9 (base 12) in base 16?
-9
What is -101010 (base 2) in base 8?
-52
What is -11220 (base 3) in base 8?
-204
Convert 120 (base 4) to base 15.
19
What is 58 (base 12) in base 16?
44
-52 (base 8) to base 16
-2a
-2 (base 4) to base 13
-2
53 (base 10) to base 16
35
-10 (base 4) to base 2
-100
Convert 84 (base 11) to base 12.
78
-122 (base 7) to base 3
-2102
What is -4 (base 6) in base 5?
-4
30 (base 9) to base 4
123
Convert -3 (base 13) to base 7.
-3
What is 0 (base 16) in base 15?
0
3 (base 13) to base 2
11
What is 2 (base 8) in base 3?
2
4 (base 9) to base 6
4
Convert -2 (base 10) to base 15.
-2
What is 16 (base 16) in base 2?
10110
3 (base 10) to base 9
3
-1 (base 16) to base 2
-1
What is 115 (base 9) in base 13?
74
What is 4a (base 16) in base 8?
112
Convert -109 (base 10) to base 7.
-214
Convert 24 (base 11) to base 15.
1b
Convert 1 (base 5) to base 15.
1
-5 (base 13) to base 8
-5
What is 81 (base 15) in base 9?
144
What is 11 (base 15) in base 2?
10000
What is 41 (base 11) in base 5?
140
What is 51 (base 6) in base 11?
29
-4 (base 7) to base 16
-4
Convert -44 (base 5) to base 3.
-220
Convert 16 (base 9) to base 14.
11
-4 (base 16) to base 5
-4
-2 (base 15) to base 12
-2
What is 23 (base 4) in base 14?
b
What is a (base 15) in base 8?
12
What is -2 (base 5) in base 16?
-2
Convert 12 (base 10) to base 5.
22
-1101 (base 2) to base 13
-10
17 (base 8) to base 4
33
Convert 146 (base 8) to base 7.
204
Convert -2 (base 10) to base 16.
-2
What is 2 (base 15) in base 9?
2
Convert -24 (base 14) to base 10.
-32
-79 (base 11) to base 13
-68
Convert -5c (base 16) to base 10.
-92
3 (base 4) to base 6
3
-1 (base 10) to base 15
-1
Convert 24 (base 12) to base 10.
28
What is -fa (base 16) in base 9?
-307
Convert 13 (base 5) to base 6.
12
66 (base 9) to base 5
220
Convert 2 (base 7) to base 10.
2
Convert -17 (base 10) to base 9.
-18
45 (base 7) to base 10
33
Convert -3 (base 4) to base 16.
-3
-101 (base 3) to base 4
-22
What is 4 (base 7) in base 8?
4
-232 (base 4) to base 10
-46
Convert 26 (base 7) to base 13.
17
Convert 1 (base 3) to base 15.
1
15 (base 11) to base 9
17
Convert 133 (base 9) to base 3.
11010
Convert -1 (base 13) to base 9.
-1
Convert d (base 16) to base 15.
d
-102 (base 5) to base 2
-11011
-20120